 164926452?
False
Does 5 divide 432644?
False
Is 451928494 a multiple of 3169?
False
Is 3003336281 a multiple of 325?
False
Does 8 divide 578351012?
False
Does 64 divide 479216969?
False
Is 5710 a factor of 1234193262?
False
Is 124 a factor of 129865079?
False
Is 26079234 a multiple of 439?
True
Does 930 divide 80428734?
False
Is 61794405 a multiple of 51?
True
Is 119699471 a multiple of 653?
True
Is 389 a factor of 417536651?
True
Is 362589337 a multiple of 2699?
False
Is 35 a factor of 1437952627?
False
Does 14 divide 59421222?
True
Is 187 a factor of 57794594?
True
Is 7360699 a multiple of 46?
False
Is 32929665 a multiple of 11?
False
Does 14 divide 192548969?
False
Is 145647816 a multiple of 3418?
True
Does 13 divide 28081789?
False
Is 162 a factor of 83836134?
True
Is 2 a factor of 97847?
False
Is 3288236 a multiple of 63?
False
Does 471 divide 1518418?
False
Is 57897781 a multiple of 146?
False
Is 58 a factor of 1661485?
False
Is 18 a factor of 94924268?
False
Is 843 a factor of 11300415?
True
Is 65877523 a multiple of 994?
False
Is 62286543 a multiple of 11?
True
Is 154870500 a multiple of 84?
False
Is 271 a factor of 83040904?
True
Is 138668796 a multiple of 14?
True
Does 70 divide 3918320?
True
Does 184 divide 5855064?
True
Does 855 divide 33406560?
True
Does 55 divide 737706585?
True
Is 33 a factor of 729411606?
True
Does 268 divide 12476659?
False
Does 137 divide 2525869?
True
Does 366 divide 157800534?
True
Does 911 divide 52527349?
True
Does 3 divide 3025885?
False
Does 370 divide 592791800?
True
Is 52 a factor of 41852006?
False
Does 334 divide 63309740?
False
Is 189 a factor of 20991663?
True
Does 2292 divide 171838116?
True
Is 384216550 a multiple of 10?
True
Is 1246963685 a multiple of 935?
True
Does 4690 divide 1760175760?
True
Is 1196 a factor of 109181644?
True
Does 75 divide 85854225?
True
Does 162 divide 10006740?
True
Does 138 divide 178766994?
True
Is 278648984 a multiple of 2014?
True
Is 486222053 a multiple of 5674?
False
Is 451 a factor of 1250055?
False
Is 159 a factor of 30454065?
True
Is 1273 a factor of 1017987371?
False
Does 843 divide 6119337?
True
Is 302464375 a multiple of 125?
True
Is 1031 a factor of 59903414?
False
Does 2053 divide 70635664?
False
Does 1007 divide 57636143?
False
Is 58723633 a multiple of 1651?
False
Is 166 a factor of 25606330?
True
Is 255426520 a multiple of 610?
True
Does 11 divide 219086307?
True
Is 69 a factor of 1509267291?
True
Is 104092145 a multiple of 1057?
False
Is 26 a factor of 17976036?
True
Is 2359813 a multiple of 89?
False
Does 5438 divide 410048380?
False
Does 553 divide 151797394?
True
Is 10 a factor of 1286892088?
False
Is 265224239 a multiple of 89?
False
Does 1714 divide 10070625?
False
Is 1242 a factor of 280945368?
True
Does 686 divide 114473506?
True
Does 23 divide 649482556?
True
Is 438365859 a multiple of 37?
False
Does 46 divide 140895424?
True
Is 484069488 a multiple of 1082?
True
Is 26080953 even?
False
Is 40694 a multiple of 2?
True
Is 17 a factor of 111277440?
False
Does 139 divide 289607257?
False
Does 1381 divide 159849724?
False
Is 3 a factor of 1320689?
False
Is 580 a factor of 804649290?
False
Is 102718199 a multiple of 2771?
True
Is 19104866 a multiple of 62?
True
Is 248888580 a multiple of 10?
True
Is 868 a factor of 1201384912?
True
Does 33 divide 97293101?
False
Is 145 a factor of 1191185150?
True
Is 12511800 a multiple of 9?
True
Is 623990928 a multiple of 202?
True
Is 320293831 a multiple of 26?
False
Is 68 a factor of 613893460?
True
Is 1336 a factor of 11748528?
False
Is 23 a factor of 328616962?
True
Is 787462020 a multiple of 298?
True
Does 531 divide 524708667?
False
Is 46 a factor of 898810008?
True
Is 925255240 a multiple of 52?
True
Is 331062841 a multiple of 103?
False
Is 397348852 a multiple of 30?
False
Does 504 divide 2385213264?
True
Does 10 divide 140072760?
True
Does 17 divide 97812370?
False
Is 1997 a factor of 2359515830?
False
Is 233496320 a multiple of 146?
False
Is 29522977 a multiple of 109?
True
Is 284190615 a multiple of 51?
True
Does 858 divide 270888686?
False
Is 54 a factor of 56670678?
True
Is 665817327 a multiple of 2185?
False
Is 3 a factor of 272850027?
True
Is 3999532878 a multiple of 287?
False
Is 246 a factor of 157590060?
True
Is 836995267 a multiple of 48?
False
Does 49 divide 26856928?
False
Is 4477894020 a multiple of 20?
True
Is 1207 a factor of 322668142?
False
Is 381753840 a multiple of 520?
True
Does 33 divide 98919389?
False
Is 1060 a factor of 41414200?
True
Does 220 divide 2809913531?
False
Does 22 divide 245120634?
True
Is 42 a factor of 337691419?
False
Is 157959765 a multiple of 3?
True
Is 130 a factor of 49040420?
True
Is 17 a factor of 31125361?
False
Is 1760 a factor of 6559520?
True
Does 170 divide 1398590?
True
Does 6 divide 1424563032?
True
Is 13 a factor of 10401300?
True
Is 18 a factor of 6739567?
False
Is 724 a factor of 57461924?
False
Is 12 a factor of 382800024?
True
Is 144491920 a multiple of 1769?
True
Is 379289174 a multiple of 104?
False
Does 1219 divide 612662086?
True
Is 4 a factor of 252367500?
True
Is 172142128 a multiple of 129?
False
Does 101 divide 12912336?
False
Does 27 divide 2407824468?
True
Is 79916564 a multiple of 73?
False
Does 337 divide 4554029?
False
Does 5606 divide 65380298?
False
Is 26 a factor of 363242298?
False
Is 38 a factor of 2710374434?
True
Is 92501274 a multiple of 1394?
False
Does 808 divide 803828616?
False
Does 1999 divide 350384358?
False
Does 743 divide 179778352?
False
Is 3 a factor of 29303027?
False
Is 21 a factor of 16177613?
False
Is 5 a factor of 92801316?
False
Is 156 a factor of 217600849?
False
Is 36 a factor of 486181631?
False
Does 84 divide 106579872?
True
Is 6 a factor of 113752840?
False
Is 14 a factor of 2837954742?
True
Is 71 a factor of 491945368?
True
Does 13 divide 384080330?
False
Is 60800 a multiple of 20?
True
Is 45585636 a multiple of 2476?
True
Is 74 a factor of 266834706?
False
Is 93 a factor of 63896638?
False
Does 393 divide 1436110341?
False
Does 1629 divide 5254620068?
False
Is 712 a factor of 27791306?
False
Is 20942776 a multiple of 136?
True
Is 211238 even?
True
Is 3233 a factor of 53968469?
True
Is 2608500 a multiple of 60?
True
Is 4552956 a multiple of 124?
False
Is 577630718 a multiple of 1983?
False
Is 232 a factor of 4187712987?
False
Is 1422 a factor of 1227522127?
False
Does 652 divide 11757695?
False
Is 112 a factor of 22538750?
False
Does 1247 divide 149527642?
False
Is 510 a factor of 409942947?
False
Is 14 a factor of 18215282?
False
Is 171605429 a multiple of 55?
False
Is 7735797 a multiple of 621?
True
Does 131 divide 111953111?
False
Is 967 a factor of 16959531?
False
Is 507011694 a multiple of 10?
False
Is 447232323 a multiple of 1719?
False
Is 14 a factor of 1717390134?
False
Does 1098 divide 96924629?
False
Is 10 a factor of 1816875?
False
Is 146373926 a multiple of 118?
True
Is 2754 a factor of 1895762683?
False
Does 150 divide 103308000?
True
Is 1576 a factor of 5151903024?
True
Is 1677932331 a multiple of 2389?
False
Is 30379452 a multiple of 5?
False
Is 43237270 a multiple of 10?
True
Is 15303288 a multiple of 2366?
True
Is 437 a factor of 53073763?
False
Is 642 a factor of 231774198?
True
Is 5 a factor of 51064500?
True
Does 37 divide 100850045?
False
Does 448 divide 64108491?
False
Is 478550 a multiple of 1126?
True
Is 33 a factor of 179637546?
True
Is 6581 a factor of 301475610?
True
Is 31 a factor of 53726751?
True
Is 341240965 a multiple of 152?
False
Does 1826 divide 604292788?
True
Does 1112 divide 47575808?
True
Is 291664500 a multiple of 500?
True
Does 1582 divide 217064638?
True
Is 189202907 a multiple of 187?
False
Does 499 divide 56260637?
False
Does 43 divide 2252433563?
False
Is 36500926 a multiple of 2455?
False
Is 2520830 a multiple of 364?
False
Is 12 a factor of 152836938?
False
Is 62316149 a multiple of 22?
False
Is 1453607232 a multiple of 1232?
True
Is 187973029 a multiple of 73?
True
Is 213962580 a multiple of 27?
True
Is 93028630 a multiple of 1052?
False
Does 255 divide 20470635?
True
Does 11 divide 19918414?
False
Is 38003276 a multiple of 86?
False
Does 22 divide 1651369846?
False
Does 42 divide 3105050?
False
Does 74 divide 73786421?
False
Does 370 divide 186032855?
F